554. List the prime factors of l(4).
2, 3, 367
Let f be (-25*(3 - 2))/1. Let b = f + 42. What are the prime factors of b?
17
Suppose -l - l = 84. Suppose 133 = -19*w - 95. List the prime factors of (l/(-4))/(w/(-32)).
2, 7
List the prime factors of ((-10)/5)/(1*-2) - -222.
223
Let q(d) = -244*d - 22. Let l(m) = -163*m - 14. Let r(t) = 8*l(t) - 5*q(t). List the prime factors of r(-3).
2, 5
Let d(n) = -18 - 13 + 13 + 5*n. List the prime factors of d(12).
2, 3, 7
Let a be 6/16 + (-315)/(-56). Let u be ((-9)/(-3))/(2/a). Let n(i) = -i**3 + 9*i**2 + i - 7. What are the prime factors of n(u)?
2
Let y(i) be the second derivative of i**4/12 + 11*i**3/3 - 20*i**2 + 19*i. What are the prime factors of y(-25)?
5, 7
Suppose 11 = -c + 4*s, -s - 11 = 2*c + 2*s. Let d be 5/(-2 + -3) + c. Let x = d - -12. List the prime factors of x.
2
Suppose -436*h + 465*h - 46545 = 0. List the prime factors of h.
3, 5, 107
Suppose -2*f = -2*d + 5322, f + 0*f - 7983 = -3*d. What are the prime factors of d?
3, 887
Let r(v) = -v**3 + 4*v**2 + 5*v + 2. Let n be r(5). Suppose -145 = -4*x - x + n*t, -t = 5*x - 130. Let c = x + -20. List the prime factors of c.
7
Let y(c) = -c**3 - 4*c**2 + 2*c + 5. Let a be y(-4). Let z(d) = 3*d**2 + d - 4. What are the prime factors of z(a)?
2, 5
Let u(m) = 7*m**2 - 3*m + 7. Suppose 3*t - 9*g = -12*g + 6, -4*t + 4*g - 32 = 0. List the prime factors of u(t).
79
Let u be 0*(-1 - 0)*-1. Suppose -2*o + 8 = -u*o. Suppose 0 = o*d - 49 - 15. List the prime factors of d.
2
Let q(h) be the first derivative of h**4/4 + 5*h**3/3 - 15*h**2/2 - 3*h + 3. Let f be q(-7). List the prime factors of 66/(f - (-15)/(-6)).
2, 11
Let b be 17/51 + 3/((-18)/(-4)). List the prime factors of ((-108)/21)/(b/(-7)).
2, 3
Let a = -667 + 1166. What are the prime factors of a?
499
Suppose -4*b = -538 - 482. Suppose 2*w = -h + b + 33, 0 = 2*w - h - 280. List the prime factors of w.
2, 71
Let v = 29 + -15. Let s = -17 + v. What are the prime factors of -2 + (s - -83)/4?
2, 3
Let w(d) be the third derivative of 0*d + 5/8*d**4 + 4*d**2 + 0 - 1/3*d**3. What are the prime factors of w(1)?
13
Let z = 5828 + -1318. List the prime factors of z.
2, 5, 11, 41
Let k = -20 + 24. List the prime factors of 2/k - 18/(-12).
2
Let k = -2 - -2. Suppose -41 = -3*w + 4*s, k*w + 4*s + 60 = 4*w. What are the prime factors of w?
19
Suppose 3*r - 229 = -13. Suppose d - r - 10 = 0. What are the prime factors of d?
2, 41
Let p(u) = -13*u - 4. Let k(f) = 4 + 0*f - 3 - 2 - 4*f. Let s(b) = -7*k(b) + 2*p(b). List the prime factors of s(6).
11
Let q(v) = -v**2 + 3*v - 3. Let l be q(6). Let b(c) = 15*c + 107. Let p be b(-8). Let s = p - l. What are the prime factors of s?
2
Let x(l) = 2*l**3 + 23*l**2 + 21*l - 17. What are the prime factors of x(-7)?
277
Let w be (6/8)/((-21)/588). List the prime factors of ((-972)/w - 3) + 6/(-21).
43
Suppose 4*m - 18 = -2*m. Suppose 3*u - 3*v = 111, 0 = -m*u - u + 2*v + 140. What are the prime factors of (u/(-55))/(2/(-40))?
2, 3
Suppose -8*m - 4*t = -4*m - 21840, 16376 = 3*m + 2*t. List the prime factors of m.
2, 11, 31
Let o(q) = q**3 + 4*q**2. Let d be o(-3). Suppose -5*z + 99 - d = 0. Suppose 0 = c + 2*c - z. List the prime factors of c.
2, 3
Let t be (-3)/21 - 645/(-7). Let y = t + 54. List the prime factors of y.
2, 73
Let w = -7 - -7. Suppose w = 4*f + f. Suppose f = 2*v - 5*v + 18. What are the prime factors of v?
2, 3
Suppose -10 = -2*b + 8. Let x be 3/1 - (1 - 7). Suppose -y = -x - b. List the prime factors of y.
2, 3
Let o = 50 - 48. What are the prime factors of 53 + (o - (-1 + 1))?
5, 11
Let t = 1107 - 646. List the prime factors of t.
461
Let h(y) = -119*y - 34. What are the prime factors of h(-11)?
3, 5, 17
Suppose 4*b - 3976 = -4*j, 1743 - 5719 = -4*j - 3*b. What are the prime factors of j?
2, 7, 71
Suppose 9*h - 4*h + 10 = 0. List the prime factors of (3 - 1) + -118*1/h.
61
Suppose -4*i + 274 + 190 = 0. List the prime factors of i.
2, 29
Suppose 36 = 2*s - 0*s. Let o(z) = z**3 + 5*z**2 + 2*z - 4. Let i be o(-4). Suppose 3*q - 2*c = i*q - s, -q + 5*c = 17. List the prime factors of q.
2
Let r = -612 - -1198. List the prime factors of r.
2, 293
What are the prime factors of (1 - -3)*34972/112?
1249
Let f be 12 + 1 + (-6)/(-3). Suppose 0*j - 5*j = -f. Suppose -j*m + 112 = m. What are the prime factors of m?
2, 7
Let t be 6/4*700/30. Let j = -17 + t. Let a = 60 - j. List the prime factors of a.
2, 3, 7
Suppose -1 = -3*i + 101. Let m = 73 - i. Let n = m + -35. What are the prime factors of n?
2
Suppose -5*y + 0*y + 20 = 0. Suppose 295 = 5*h - 2*h + i, 420 = y*h - 4*i. List the prime factors of h.
2, 5
Suppose -12*z + 16*z - 56 = 0. Let g = -3 + z. What are the prime factors of g?
11
Let c be 2 + 0 + -2 + 7. Let b be (c + -8)/((-2)/74). Let s = 75 - b. List the prime factors of s.
2, 19
Let i = -119 + 1272. What are the prime factors of i?
1153
Let c(l) be the first derivative of -2*l**2 + l**2 + l - 6*l**2 - 8*l + 3. What are the prime factors of c(-3)?
5, 7
Suppose w = -3*w. Suppose w = -5*p - 0*p - 245. Let o = p + 73. What are the prime factors of o?
2, 3
Suppose 12*z = -211 + 31. Suppose 8*b + 65 = 3*b. Let p = b - z. What are the prime factors of p?
2
Suppose -3*a - 49 = 2*a + 2*d, -a - 5 = -2*d. Let t = a + 9. Suppose -3*q + q - 250 = -5*k, t = k + 4*q - 28. List the prime factors of k.
2, 3
Let o = 992 + -662. What are the prime factors of o?
2, 3, 5, 11
Let f be (3 + -2)/(-1)*0. Suppose 5*t = 3*i + 169, 3*t + f*t + 4*i = 84. What are the prime factors of t?
2
What are the prime factors of (-214752)/(-90) - 6 - (-12)/(-90)?
2, 5, 7, 17
Suppose -3*g + 2*g = -3. Suppose -2*z + g*f = 5, 3 = 4*f - 17. List the prime factors of 26 + (-1 - z)/3.
2, 3
Let r(n) = -n**3 + 7*n**2 - 4*n - 4. Let q be r(6). Let s be q*4/(-24)*-54. Suppose -4*d + s = -52. What are the prime factors of d?
31
Let v(k) = -2*k**3 - 4*k**2 - 5*k + 7. Suppose 4*q + t = -25, -17 = q + q + 5*t. Let o be v(q). Suppose -28*x = -33*x + o. List the prime factors of x.
5, 13
Let b = -65 + 68. List the prime factors of 247 + (-56)/32 + b/4.
2, 3, 41
Suppose -8*s - 135 = -3*s. Let t = -127 + 72. Let q = s - t. List the prime factors of q.
2, 7
Suppose 13*j = 23*j - 11460. What are the prime factors of j?
2, 3, 191
Let g be 7/(49/(-18))*-7. Let f be g*6*(-6)/(-27). Suppose 0 = -3*r - 6, 0 = -4*q + 2*r - 0*r + f. List the prime factors of q.
5
Suppose 13*o - 2001 = -16*o. List the prime factors of o.
3, 23
Suppose -22*w = -55*w + 54417. List the prime factors of w.
17, 97
Let c(r) = 52*r**3 + 8*r**2 - 20*r - 4. List the prime factors of c(3).
2, 353
What are the prime factors of ((4488/(-16))/(-11))/((-2)/(-268))?
3, 17, 67
Let a be 3/9 - (-160)/6. Suppose -a*g = -25*g. Suppose b - f - 47 = 0, g*b + 4*b - 194 = 2*f. What are the prime factors of b?
2, 5
Let w(k) be the third derivative of k**5/30 - 3*k**4/8 + 2*k**3 - 20*k**2. List the prime factors of w(8).
2, 17
Let b be -3*3/(-9) + (3 - 1). Suppose 6*m = b*m + 15. List the prime factors of m.
5
Let c(q) be the first derivative of -5 - 1/2*q**2 + 4*q. What are the prime factors of c(0)?
2
Suppose -2*m + 3*m = 2*b - 9329, 0 = 4*b - 4*m - 18660. List the prime factors of b.
2, 11, 53
Let f(k) = -126 - 8*k**2 - 4*k**2 + 11*k**2 - k**3 - k. Let u be f(0). Let m = -65 - u. List the prime factors of m.
61
Suppose 0 = -z + 8*z - 22589. What are the prime factors of z?
7, 461
Suppose k - 402 = -5*s, 0*k + 5*k - 2115 = -4*s. Let a be (-6)/4 + k/14. Let w = a - -3. List the prime factors of w.
2
Suppose -552 - 22 = 7*l. Let k = 7 - l. List the prime factors of k.
89
Let h = -169 + 343. What are the prime factors of h?
2, 3, 29
Let b(f) = 3 - 1 + 2 + 13*f + 2*f**2. List the prime factors of b(-9).
7
Suppose 2*r + 578 = 2*u, -u = 35*r - 34*r - 295. List the prime factors of u.
2, 73
Let v(u) = 36*u - 5. Let s be v(8). Suppose s = 4*j - 45. Suppose -3*y = 13 - j. What are the prime factors of y?
23
Let y = 1188 - 608. List the prime factors of y.
2, 5, 29
Let b be (-5 - -16)*27/3. Let t = b + -41. List the prime factors of t.
2, 29
Suppose -2 = -w - 4, 5*j = 4*w + 1403. What are the prime factors of j?
3, 31
Let f be (-44)/(-2)*(-8)/16. Let m = -4 - f. Suppose m*n = 79 + 152. What are the prime factors of n?
3, 11
Suppose -2*g + 409 = -2*y - 1005, -2*g + 5